{"id":248,"date":"2014-02-25T08:19:07","date_gmt":"2014-02-25T08:19:07","guid":{"rendered":"http:\/\/wordpress-438697-1703367.cloudwaysapps.com\/?page_id=248"},"modified":"2014-02-25T10:39:37","modified_gmt":"2014-02-25T10:39:37","slug":"lokacija","status":"publish","type":"page","link":"https:\/\/villalika.com\/?page_id=248","title":{"rendered":"Lokacija"},"content":{"rendered":"<p>&nbsp;<\/p>\n\n<p><strong><em>Gdje smo<\/em><\/strong><\/p>\n<p>S dr\u017eavne ceste D1, u Bjelopolju (170 km od Zagreba i 30 km od Plitvi\u010dkih jezera) skre\u0107e se novoasfaltiranom cestom za Donji Lapac \u2013 od tamo makadamskim putem do ku\u0107e (2km)<\/p>\n","protected":false},"excerpt":{"rendered":"<p>&nbsp; Gdje smo S dr\u017eavne ceste D1, u Bjelopolju (170 km od Zagreba i 30 km od Plitvi\u010dkih jezera) skre\u0107e se novoasfaltiranom cestom za Donji Lapac \u2013 od tamo makadamskim putem do ku\u0107e (2km)<\/p>\n","protected":false},"author":1,"featured_media":0,"parent":0,"menu_order":0,"comment_status":"closed","ping_status":"closed","template":"onecolumn-page.php","meta":[],"_links":{"self":[{"href":"https:\/\/villalika.com\/index.php?rest_route=\/wp\/v2\/pages\/248"}],"collection":[{"href":"https:\/\/villalika.com\/index.php?rest_route=\/wp\/v2\/pages"}],"about":[{"href":"https:\/\/villalika.com\/index.php?rest_route=\/wp\/v2\/types\/page"}],"author":[{"embeddable":true,"href":"https:\/\/villalika.com\/index.php?rest_route=\/wp\/v2\/users\/1"}],"replies":[{"embeddable":true,"href":"https:\/\/villalika.com\/index.php?rest_route=%2Fwp%2Fv2%2Fcomments&post=248"}],"version-history":[{"count":5,"href":"https:\/\/villalika.com\/index.php?rest_route=\/wp\/v2\/pages\/248\/revisions"}],"predecessor-version":[{"id":279,"href":"https:\/\/villalika.com\/index.php?rest_route=\/wp\/v2\/pages\/248\/revisions\/279"}],"wp:attachment":[{"href":"https:\/\/villalika.com\/index.php?rest_route=%2Fwp%2Fv2%2Fmedia&parent=248"}],"curies":[{"name":"wp","href":"https:\/\/api.w.org\/{rel}","templated":true}]}}